{"id":1305,"date":"2023-05-24T07:50:56","date_gmt":"2023-05-24T07:50:56","guid":{"rendered":"https:\/\/www.gastrofussball.ch\/?page_id=1305"},"modified":"2025-06-10T14:12:18","modified_gmt":"2025-06-10T14:12:18","slug":"bilder-der-saison-2023","status":"publish","type":"page","link":"https:\/\/www.gastrofussball.ch\/index.php\/bilder-der-saison-2023\/","title":{"rendered":"Links \/ Partner"},"content":{"rendered":"\n<div class=\"wp-block-columns is-layout-flex wp-container-core-columns-is-layout-28f84493 wp-block-columns-is-layout-flex\">\n<div class=\"wp-block-column is-layout-flow wp-block-column-is-layout-flow\">\n<figure class=\"wp-block-image size-full\"><a href=\"https:\/\/www.fussballkoeche.de\/\" target=\"_blank\" rel=\" noreferrer noopener\"><img loading=\"lazy\" decoding=\"async\" width=\"400\" height=\"300\" src=\"https:\/\/www.gastrofussball.ch\/wp-content\/uploads\/2025\/06\/Logo-Deutschland.jpg\" alt=\"\" class=\"wp-image-2232\" srcset=\"https:\/\/www.gastrofussball.ch\/wp-content\/uploads\/2025\/06\/Logo-Deutschland.jpg 400w, https:\/\/www.gastrofussball.ch\/wp-content\/uploads\/2025\/06\/Logo-Deutschland-300x225.jpg 300w, https:\/\/www.gastrofussball.ch\/wp-content\/uploads\/2025\/06\/Logo-Deutschland-200x150.jpg 200w\" sizes=\"auto, (max-width: 400px) 100vw, 400px\" \/><\/a><\/figure>\n<\/div>\n\n\n\n<div class=\"wp-block-column is-layout-flow wp-block-column-is-layout-flow\">\n<figure class=\"wp-block-image size-full\"><a href=\"https:\/\/www.nazionaleristoratori.it\/\" target=\"_blank\" rel=\" noreferrer noopener\"><img loading=\"lazy\" decoding=\"async\" width=\"400\" height=\"300\" src=\"https:\/\/www.gastrofussball.ch\/wp-content\/uploads\/2025\/06\/Logo-Italien.jpg\" alt=\"\" class=\"wp-image-2233\" srcset=\"https:\/\/www.gastrofussball.ch\/wp-content\/uploads\/2025\/06\/Logo-Italien.jpg 400w, https:\/\/www.gastrofussball.ch\/wp-content\/uploads\/2025\/06\/Logo-Italien-300x225.jpg 300w, https:\/\/www.gastrofussball.ch\/wp-content\/uploads\/2025\/06\/Logo-Italien-200x150.jpg 200w\" sizes=\"auto, (max-width: 400px) 100vw, 400px\" \/><\/a><\/figure>\n<\/div>\n\n\n\n<div class=\"wp-block-column is-layout-flow wp-block-column-is-layout-flow\">\n<figure class=\"wp-block-image size-full\"><a href=\"https:\/\/www.austrianchefs.at\/home\/https:\/\/www.austrianchefs.at\/home\/\" target=\"_blank\" rel=\" noreferrer noopener\"><img loading=\"lazy\" decoding=\"async\" width=\"400\" height=\"300\" src=\"https:\/\/www.gastrofussball.ch\/wp-content\/uploads\/2025\/06\/Logo-Oesterreich.jpg\" alt=\"\" class=\"wp-image-2234\" srcset=\"https:\/\/www.gastrofussball.ch\/wp-content\/uploads\/2025\/06\/Logo-Oesterreich.jpg 400w, https:\/\/www.gastrofussball.ch\/wp-content\/uploads\/2025\/06\/Logo-Oesterreich-300x225.jpg 300w, https:\/\/www.gastrofussball.ch\/wp-content\/uploads\/2025\/06\/Logo-Oesterreich-200x150.jpg 200w\" sizes=\"auto, (max-width: 400px) 100vw, 400px\" \/><\/a><\/figure>\n<\/div>\n<\/div>\n\n\n\n<div class=\"wp-block-columns is-layout-flex wp-container-core-columns-is-layout-28f84493 wp-block-columns-is-layout-flex\">\n<div class=\"wp-block-column is-layout-flow wp-block-column-is-layout-flow\">\n<p>Deutsche Fussballmannschaft der Spitzenk\u00f6che &amp; Restaurateure e.V.<\/p>\n<\/div>\n\n\n\n<div class=\"wp-block-column is-layout-flow wp-block-column-is-layout-flow\">\n<p>Italienische Fu\u00dfballnationalmannschaft der Restaurateure<\/p>\n<\/div>\n\n\n\n<div class=\"wp-block-column is-layout-flow wp-block-column-is-layout-flow\">\n<p>\u00d6sterreichische Fu\u00dfballnationalmannschaft der Gastronomie<\/p>\n<\/div>\n<\/div>\n\n\n\n<div class=\"wp-block-columns is-layout-flex wp-container-core-columns-is-layout-28f84493 wp-block-columns-is-layout-flex\">\n<div class=\"wp-block-column is-layout-flow wp-block-column-is-layout-flow\">\n<figure class=\"wp-block-image size-full\"><a href=\"https:\/\/www.fussballohnegrenzen.ch\/\" target=\"_blank\" rel=\" noreferrer noopener\"><img loading=\"lazy\" decoding=\"async\" width=\"400\" height=\"300\" src=\"https:\/\/www.gastrofussball.ch\/wp-content\/uploads\/2025\/06\/Logo-Fussball-ohne-Grenzen.jpg\" alt=\"\" class=\"wp-image-2238\" srcset=\"https:\/\/www.gastrofussball.ch\/wp-content\/uploads\/2025\/06\/Logo-Fussball-ohne-Grenzen.jpg 400w, https:\/\/www.gastrofussball.ch\/wp-content\/uploads\/2025\/06\/Logo-Fussball-ohne-Grenzen-300x225.jpg 300w, https:\/\/www.gastrofussball.ch\/wp-content\/uploads\/2025\/06\/Logo-Fussball-ohne-Grenzen-200x150.jpg 200w\" sizes=\"auto, (max-width: 400px) 100vw, 400px\" \/><\/a><\/figure>\n<\/div>\n\n\n\n<div class=\"wp-block-column is-layout-flow wp-block-column-is-layout-flow\"><\/div>\n\n\n\n<div class=\"wp-block-column is-layout-flow wp-block-column-is-layout-flow\"><\/div>\n<\/div>\n\n\n\n<div class=\"wp-block-columns is-layout-flex wp-container-core-columns-is-layout-28f84493 wp-block-columns-is-layout-flex\">\n<div class=\"wp-block-column is-layout-flow wp-block-column-is-layout-flow\">\n<p>Fussball ohne Grenzen<\/p>\n<\/div>\n\n\n\n<div class=\"wp-block-column is-layout-flow wp-block-column-is-layout-flow\"><\/div>\n\n\n\n<div class=\"wp-block-column is-layout-flow wp-block-column-is-layout-flow\"><\/div>\n<\/div>\n\n\n\n<p><\/p>\n","protected":false},"excerpt":{"rendered":"<p>Deutsche Fussballmannschaft der Spitzenk\u00f6che &amp; Restaurateure e.V. Italienische Fu\u00dfballnationalmannschaft der Restaurateure \u00d6sterreichische Fu\u00dfballnationalmannschaft der Gastronomie&#8230;<\/p>\n","protected":false},"author":1,"featured_media":0,"parent":0,"menu_order":0,"comment_status":"closed","ping_status":"closed","template":"","meta":{"footnotes":""},"class_list":["post-1305","page","type-page","status-publish","hentry"],"_links":{"self":[{"href":"https:\/\/www.gastrofussball.ch\/index.php\/wp-json\/wp\/v2\/pages\/1305","targetHints":{"allow":["GET"]}}],"collection":[{"href":"https:\/\/www.gastrofussball.ch\/index.php\/wp-json\/wp\/v2\/pages"}],"about":[{"href":"https:\/\/www.gastrofussball.ch\/index.php\/wp-json\/wp\/v2\/types\/page"}],"author":[{"embeddable":true,"href":"https:\/\/www.gastrofussball.ch\/index.php\/wp-json\/wp\/v2\/users\/1"}],"replies":[{"embeddable":true,"href":"https:\/\/www.gastrofussball.ch\/index.php\/wp-json\/wp\/v2\/comments?post=1305"}],"version-history":[{"count":11,"href":"https:\/\/www.gastrofussball.ch\/index.php\/wp-json\/wp\/v2\/pages\/1305\/revisions"}],"predecessor-version":[{"id":2239,"href":"https:\/\/www.gastrofussball.ch\/index.php\/wp-json\/wp\/v2\/pages\/1305\/revisions\/2239"}],"wp:attachment":[{"href":"https:\/\/www.gastrofussball.ch\/index.php\/wp-json\/wp\/v2\/media?parent=1305"}],"curies":[{"name":"wp","href":"https:\/\/api.w.org\/{rel}","templated":true}]}}