{"id":1988,"date":"2024-05-16T13:44:32","date_gmt":"2024-05-16T13:44:32","guid":{"rendered":"https:\/\/www.gastrofussball.ch\/?page_id=1988"},"modified":"2024-05-17T05:13:00","modified_gmt":"2024-05-17T05:13:00","slug":"werde-mitglied-bei-uns","status":"publish","type":"page","link":"https:\/\/www.gastrofussball.ch\/index.php\/werde-mitglied-bei-uns\/","title":{"rendered":"Werde Mitglied bei uns!"},"content":{"rendered":"<p>Schaue Dir bitte die Bedingungen genau an, was Du alles erf\u00fcllen musst um bei uns Mitglied zu werden.<\/p>\n<p>Die Bedingungen die Du erf\u00fcllen musst, findest Du im PDF unten.<\/p>\n<p>Danach, wenn Du alles erf\u00fcllst und Du erf\u00fcllst sicher alle Bedingungen, f\u00fclle das beiliegende Anmeldeformular aus und sende dieses umgehend uns zu.<br \/>Danach geht es einen Moment bis wir die ganze B\u00fcrokratie in Schwung bekommen und Dir<br \/>Antworten.<\/p>\n\n\n<div class=\"wp-block-columns is-layout-flex wp-container-core-columns-is-layout-28f84493 wp-block-columns-is-layout-flex\">\n<div class=\"wp-block-column is-layout-flow wp-block-column-is-layout-flow\">\n<figure class=\"wp-block-image size-full\"><a href=\"https:\/\/www.gastrofussball.ch\/wp-content\/uploads\/2024\/05\/Anmeldeformular-1.jpg\"><img loading=\"lazy\" decoding=\"async\" width=\"200\" height=\"250\" src=\"https:\/\/www.gastrofussball.ch\/wp-content\/uploads\/2024\/05\/Anmeldeformular-1.jpg\" alt=\"\" class=\"wp-image-2007\"\/><\/a><\/figure>\n<\/div>\n\n\n\n<div class=\"wp-block-column is-layout-flow wp-block-column-is-layout-flow\">\n<figure class=\"wp-block-image size-full\"><img loading=\"lazy\" decoding=\"async\" width=\"200\" height=\"250\" src=\"https:\/\/www.gastrofussball.ch\/wp-content\/uploads\/2024\/05\/Bedingungen.jpg\" alt=\"\" class=\"wp-image-2000\"\/><\/figure>\n<\/div>\n\n\n\n<div class=\"wp-block-column is-layout-flow wp-block-column-is-layout-flow\">\n<figure class=\"wp-block-image size-full\"><img loading=\"lazy\" decoding=\"async\" width=\"200\" height=\"250\" src=\"https:\/\/www.gastrofussball.ch\/wp-content\/uploads\/2024\/05\/Passivmitglied.jpg\" alt=\"\" class=\"wp-image-2003\"\/><\/figure>\n<\/div>\n<\/div>\n\n\n\n<div class=\"wp-block-columns is-layout-flex wp-container-core-columns-is-layout-28f84493 wp-block-columns-is-layout-flex\">\n<div class=\"wp-block-column is-layout-flow wp-block-column-is-layout-flow\">\n<div data-wp-interactive=\"core\/file\" class=\"wp-block-file\"><object data-wp-bind--hidden=\"!state.hasPdfPreview\" hidden class=\"wp-block-file__embed\" data=\"https:\/\/www.gastrofussball.ch\/wp-content\/uploads\/2024\/05\/Aufnahmeformular_Gastrofussball-1.pdf\" type=\"application\/pdf\" style=\"width:100%;height:600px\" aria-label=\"Einbettung von Aufnahmeformular_Gastrofussball-1.\"><\/object><a id=\"wp-block-file--media-617157b1-c401-4d46-9926-914a276ebdb7\" href=\"https:\/\/www.gastrofussball.ch\/wp-content\/uploads\/2024\/05\/Aufnahmeformular_Gastrofussball-1.pdf\">Aufnahmeformular_Gastrofussball-1<\/a><a href=\"https:\/\/www.gastrofussball.ch\/wp-content\/uploads\/2024\/05\/Aufnahmeformular_Gastrofussball-1.pdf\" class=\"wp-block-file__button wp-element-button\" download aria-describedby=\"wp-block-file--media-617157b1-c401-4d46-9926-914a276ebdb7\">Herunterladen<\/a><\/div>\n<\/div>\n\n\n\n<div class=\"wp-block-column is-layout-flow wp-block-column-is-layout-flow\">\n<div data-wp-interactive=\"core\/file\" class=\"wp-block-file\"><object data-wp-bind--hidden=\"!state.hasPdfPreview\" hidden class=\"wp-block-file__embed\" data=\"https:\/\/www.gastrofussball.ch\/wp-content\/uploads\/2024\/05\/Was-braucht-es-um-Mitglied-zu-werden.pdf\" type=\"application\/pdf\" style=\"width:100%;height:600px\" aria-label=\"Einbettung von Was-braucht-es-um-Mitglied-zu-werden.\"><\/object><a id=\"wp-block-file--media-d71dfc5a-a1a3-487c-b13b-c68cef2c1aea\" href=\"https:\/\/www.gastrofussball.ch\/wp-content\/uploads\/2024\/05\/Was-braucht-es-um-Mitglied-zu-werden.pdf\">Was-braucht-es-um-Mitglied-zu-werden<\/a><a href=\"https:\/\/www.gastrofussball.ch\/wp-content\/uploads\/2024\/05\/Was-braucht-es-um-Mitglied-zu-werden.pdf\" class=\"wp-block-file__button wp-element-button\" download aria-describedby=\"wp-block-file--media-d71dfc5a-a1a3-487c-b13b-c68cef2c1aea\">Herunterladen<\/a><\/div>\n<\/div>\n\n\n\n<div class=\"wp-block-column is-layout-flow wp-block-column-is-layout-flow\">\n<div data-wp-interactive=\"core\/file\" class=\"wp-block-file\"><object data-wp-bind--hidden=\"!state.hasPdfPreview\" hidden class=\"wp-block-file__embed\" data=\"https:\/\/www.gastrofussball.ch\/wp-content\/uploads\/2024\/05\/Vertrag-Passiv-ab-2024.pdf\" type=\"application\/pdf\" style=\"width:100%;height:600px\" aria-label=\"Einbettung von Vertrag-Passiv-ab-2024.\"><\/object><a id=\"wp-block-file--media-056ad5dc-a09d-4a63-b5b3-2d127bc9589a\" href=\"https:\/\/www.gastrofussball.ch\/wp-content\/uploads\/2024\/05\/Vertrag-Passiv-ab-2024.pdf\">Vertrag-Passiv-ab-2024<\/a><a href=\"https:\/\/www.gastrofussball.ch\/wp-content\/uploads\/2024\/05\/Vertrag-Passiv-ab-2024.pdf\" class=\"wp-block-file__button wp-element-button\" download aria-describedby=\"wp-block-file--media-056ad5dc-a09d-4a63-b5b3-2d127bc9589a\">Herunterladen<\/a><\/div>\n<\/div>\n<\/div>\n","protected":false},"excerpt":{"rendered":"<p>Schaue Dir bitte die Bedingungen genau an, was Du alles erf\u00fcllen musst um bei uns&#8230;<\/p>\n","protected":false},"author":1,"featured_media":0,"parent":0,"menu_order":0,"comment_status":"closed","ping_status":"closed","template":"","meta":{"footnotes":""},"class_list":["post-1988","page","type-page","status-publish","hentry"],"_links":{"self":[{"href":"https:\/\/www.gastrofussball.ch\/index.php\/wp-json\/wp\/v2\/pages\/1988","targetHints":{"allow":["GET"]}}],"collection":[{"href":"https:\/\/www.gastrofussball.ch\/index.php\/wp-json\/wp\/v2\/pages"}],"about":[{"href":"https:\/\/www.gastrofussball.ch\/index.php\/wp-json\/wp\/v2\/types\/page"}],"author":[{"embeddable":true,"href":"https:\/\/www.gastrofussball.ch\/index.php\/wp-json\/wp\/v2\/users\/1"}],"replies":[{"embeddable":true,"href":"https:\/\/www.gastrofussball.ch\/index.php\/wp-json\/wp\/v2\/comments?post=1988"}],"version-history":[{"count":4,"href":"https:\/\/www.gastrofussball.ch\/index.php\/wp-json\/wp\/v2\/pages\/1988\/revisions"}],"predecessor-version":[{"id":2008,"href":"https:\/\/www.gastrofussball.ch\/index.php\/wp-json\/wp\/v2\/pages\/1988\/revisions\/2008"}],"wp:attachment":[{"href":"https:\/\/www.gastrofussball.ch\/index.php\/wp-json\/wp\/v2\/media?parent=1988"}],"curies":[{"name":"wp","href":"https:\/\/api.w.org\/{rel}","templated":true}]}}